{"id":1508,"date":"2025-12-01T16:57:54","date_gmt":"2025-12-01T19:57:54","guid":{"rendered":"https:\/\/lgmais.ind.br\/profissionais-da-obra\/?page_id=1508"},"modified":"2025-12-11T10:38:57","modified_gmt":"2025-12-11T13:38:57","slug":"sobre","status":"publish","type":"page","link":"https:\/\/lgmais.ind.br\/profissionais-da-obra\/sobre\/","title":{"rendered":"Sobre"},"content":{"rendered":"","protected":false},"excerpt":{"rendered":"","protected":false},"author":1,"featured_media":0,"parent":0,"menu_order":0,"comment_status":"closed","ping_status":"closed","template":"","meta":{"_acf_changed":false,"inline_featured_image":false,"footnotes":""},"class_list":["post-1508","page","type-page","status-publish","hentry"],"acf":[],"meta_box":{"link":"https:\/\/www.youtube.com\/watch?v=eeDispFlkqA","titulo":"<h1><strong>Conhe\u00e7a a LGMAIS,<\/strong> uma empresa que tem voc\u00ea como centro de sua atua\u00e7\u00e3o.<\/h1>\n","conteudo":"<p>Entender o que voc\u00ea precisa \u00e9 parte da ess\u00eancia e do prop\u00f3sito da LGMAIS. Acreditamos que seja preciso estar sempre perto, acess\u00edvel e atento, para entender e atender todas as necessidades do mercado, mas acima de tudo, para ser muito mais para sua vida e obra. Por isso, a LGMAIS inova com qualidade, de forma sustent\u00e1vel e sempre prezando pelo bem-estar do planeta e das pessoas.<\/p>\n","img-gallery":[{"width":171,"height":147,"file":"2025\/12\/company.webp","filesize":253946,"sizes":{"medium":{"file":"company-300x250.webp","width":300,"height":250,"mime-type":"image\/webp","filesize":11274,"url":"https:\/\/lgmais.ind.br\/profissionais-da-obra\/wp-content\/uploads\/2025\/12\/company-300x250.webp"},"thumbnail":{"file":"company-171x147.webp","width":171,"height":147,"mime-type":"image\/webp","filesize":4552,"url":"https:\/\/lgmais.ind.br\/profissionais-da-obra\/wp-content\/uploads\/2025\/12\/company-171x147.webp"},"medium_large":{"file":"company-768x641.webp","width":768,"height":641,"mime-type":"image\/webp","filesize":55556,"url":"https:\/\/lgmais.ind.br\/profissionais-da-obra\/wp-content\/uploads\/2025\/12\/company-768x641.webp"},"homepage-icon-services":{"file":"company-149x136.webp","width":149,"height":136,"mime-type":"image\/webp","filesize":3894,"url":"https:\/\/lgmais.ind.br\/profissionais-da-obra\/wp-content\/uploads\/2025\/12\/company-149x136.webp"},"icon-services":{"file":"company-308x281.webp","width":308,"height":281,"mime-type":"image\/webp","filesize":12520,"url":"https:\/\/lgmais.ind.br\/profissionais-da-obra\/wp-content\/uploads\/2025\/12\/company-308x281.webp"}},"image_meta":{"aperture":"0","credit":"","camera":"","caption":"","created_timestamp":"0","copyright":"","focal_length":"0","iso":"0","shutter_speed":"0","title":"","orientation":"0","keywords":[]},"ID":"1523","name":"company.webp","path":"\/home\/u889027815\/domains\/lgmais.ind.br\/public_html\/profissionais-da-obra\/wp-content\/uploads\/2025\/12\/company.webp","url":"https:\/\/lgmais.ind.br\/profissionais-da-obra\/wp-content\/uploads\/2025\/12\/company-171x147.webp","full_url":"https:\/\/lgmais.ind.br\/profissionais-da-obra\/wp-content\/uploads\/2025\/12\/company.webp","title":"company","caption":"","description":"","alt":"","srcset":false},{"width":171,"height":147,"file":"2025\/12\/foto-01.webp","filesize":56676,"sizes":{"medium":{"file":"foto-01-300x235.webp","width":300,"height":235,"mime-type":"image\/webp","filesize":10954,"url":"https:\/\/lgmais.ind.br\/profissionais-da-obra\/wp-content\/uploads\/2025\/12\/foto-01-300x235.webp"},"thumbnail":{"file":"foto-01-171x147.webp","width":171,"height":147,"mime-type":"image\/webp","filesize":5280,"url":"https:\/\/lgmais.ind.br\/profissionais-da-obra\/wp-content\/uploads\/2025\/12\/foto-01-171x147.webp"},"homepage-icon-services":{"file":"foto-01-149x136.webp","width":149,"height":136,"mime-type":"image\/webp","filesize":4560,"url":"https:\/\/lgmais.ind.br\/profissionais-da-obra\/wp-content\/uploads\/2025\/12\/foto-01-149x136.webp"},"icon-services":{"file":"foto-01-308x281.webp","width":308,"height":281,"mime-type":"image\/webp","filesize":12766,"url":"https:\/\/lgmais.ind.br\/profissionais-da-obra\/wp-content\/uploads\/2025\/12\/foto-01-308x281.webp"}},"image_meta":{"aperture":"0","credit":"","camera":"","caption":"","created_timestamp":"0","copyright":"","focal_length":"0","iso":"0","shutter_speed":"0","title":"","orientation":"0","keywords":[]},"ID":"1614","name":"foto-01.webp","path":"\/home\/u889027815\/domains\/lgmais.ind.br\/public_html\/profissionais-da-obra\/wp-content\/uploads\/2025\/12\/foto-01.webp","url":"https:\/\/lgmais.ind.br\/profissionais-da-obra\/wp-content\/uploads\/2025\/12\/foto-01-171x147.webp","full_url":"https:\/\/lgmais.ind.br\/profissionais-da-obra\/wp-content\/uploads\/2025\/12\/foto-01.webp","title":"foto-01","caption":"","description":"","alt":"","srcset":false},{"width":171,"height":147,"file":"2025\/12\/foto-03.webp","filesize":49294,"sizes":{"medium":{"file":"foto-03-300x235.webp","width":300,"height":235,"mime-type":"image\/webp","filesize":11660,"url":"https:\/\/lgmais.ind.br\/profissionais-da-obra\/wp-content\/uploads\/2025\/12\/foto-03-300x235.webp"},"thumbnail":{"file":"foto-03-171x147.webp","width":171,"height":147,"mime-type":"image\/webp","filesize":5526,"url":"https:\/\/lgmais.ind.br\/profissionais-da-obra\/wp-content\/uploads\/2025\/12\/foto-03-171x147.webp"},"homepage-icon-services":{"file":"foto-03-149x136.webp","width":149,"height":136,"mime-type":"image\/webp","filesize":4700,"url":"https:\/\/lgmais.ind.br\/profissionais-da-obra\/wp-content\/uploads\/2025\/12\/foto-03-149x136.webp"},"icon-services":{"file":"foto-03-308x281.webp","width":308,"height":281,"mime-type":"image\/webp","filesize":13430,"url":"https:\/\/lgmais.ind.br\/profissionais-da-obra\/wp-content\/uploads\/2025\/12\/foto-03-308x281.webp"}},"image_meta":{"aperture":"0","credit":"","camera":"","caption":"","created_timestamp":"0","copyright":"","focal_length":"0","iso":"0","shutter_speed":"0","title":"","orientation":"0","keywords":[]},"ID":"1615","name":"foto-03.webp","path":"\/home\/u889027815\/domains\/lgmais.ind.br\/public_html\/profissionais-da-obra\/wp-content\/uploads\/2025\/12\/foto-03.webp","url":"https:\/\/lgmais.ind.br\/profissionais-da-obra\/wp-content\/uploads\/2025\/12\/foto-03-171x147.webp","full_url":"https:\/\/lgmais.ind.br\/profissionais-da-obra\/wp-content\/uploads\/2025\/12\/foto-03.webp","title":"foto-03","caption":"","description":"","alt":"","srcset":false},{"width":171,"height":147,"file":"2025\/12\/foto-04.webp","filesize":50694,"sizes":{"medium":{"file":"foto-04-300x235.webp","width":300,"height":235,"mime-type":"image\/webp","filesize":10948,"url":"https:\/\/lgmais.ind.br\/profissionais-da-obra\/wp-content\/uploads\/2025\/12\/foto-04-300x235.webp"},"thumbnail":{"file":"foto-04-171x147.webp","width":171,"height":147,"mime-type":"image\/webp","filesize":5370,"url":"https:\/\/lgmais.ind.br\/profissionais-da-obra\/wp-content\/uploads\/2025\/12\/foto-04-171x147.webp"},"homepage-icon-services":{"file":"foto-04-149x136.webp","width":149,"height":136,"mime-type":"image\/webp","filesize":4668,"url":"https:\/\/lgmais.ind.br\/profissionais-da-obra\/wp-content\/uploads\/2025\/12\/foto-04-149x136.webp"},"icon-services":{"file":"foto-04-308x281.webp","width":308,"height":281,"mime-type":"image\/webp","filesize":12632,"url":"https:\/\/lgmais.ind.br\/profissionais-da-obra\/wp-content\/uploads\/2025\/12\/foto-04-308x281.webp"}},"image_meta":{"aperture":"0","credit":"","camera":"","caption":"","created_timestamp":"0","copyright":"","focal_length":"0","iso":"0","shutter_speed":"0","title":"","orientation":"0","keywords":[]},"ID":"1616","name":"foto-04.webp","path":"\/home\/u889027815\/domains\/lgmais.ind.br\/public_html\/profissionais-da-obra\/wp-content\/uploads\/2025\/12\/foto-04.webp","url":"https:\/\/lgmais.ind.br\/profissionais-da-obra\/wp-content\/uploads\/2025\/12\/foto-04-171x147.webp","full_url":"https:\/\/lgmais.ind.br\/profissionais-da-obra\/wp-content\/uploads\/2025\/12\/foto-04.webp","title":"foto-04","caption":"","description":"","alt":"","srcset":false},{"width":171,"height":147,"file":"2025\/12\/foto-05.webp","filesize":44248,"sizes":{"medium":{"file":"foto-05-300x235.webp","width":300,"height":235,"mime-type":"image\/webp","filesize":9456,"url":"https:\/\/lgmais.ind.br\/profissionais-da-obra\/wp-content\/uploads\/2025\/12\/foto-05-300x235.webp"},"thumbnail":{"file":"foto-05-171x147.webp","width":171,"height":147,"mime-type":"image\/webp","filesize":4644,"url":"https:\/\/lgmais.ind.br\/profissionais-da-obra\/wp-content\/uploads\/2025\/12\/foto-05-171x147.webp"},"homepage-icon-services":{"file":"foto-05-149x136.webp","width":149,"height":136,"mime-type":"image\/webp","filesize":3904,"url":"https:\/\/lgmais.ind.br\/profissionais-da-obra\/wp-content\/uploads\/2025\/12\/foto-05-149x136.webp"},"icon-services":{"file":"foto-05-308x281.webp","width":308,"height":281,"mime-type":"image\/webp","filesize":11002,"url":"https:\/\/lgmais.ind.br\/profissionais-da-obra\/wp-content\/uploads\/2025\/12\/foto-05-308x281.webp"}},"image_meta":{"aperture":"0","credit":"","camera":"","caption":"","created_timestamp":"0","copyright":"","focal_length":"0","iso":"0","shutter_speed":"0","title":"","orientation":"0","keywords":[]},"ID":"1617","name":"foto-05.webp","path":"\/home\/u889027815\/domains\/lgmais.ind.br\/public_html\/profissionais-da-obra\/wp-content\/uploads\/2025\/12\/foto-05.webp","url":"https:\/\/lgmais.ind.br\/profissionais-da-obra\/wp-content\/uploads\/2025\/12\/foto-05-171x147.webp","full_url":"https:\/\/lgmais.ind.br\/profissionais-da-obra\/wp-content\/uploads\/2025\/12\/foto-05.webp","title":"foto-05","caption":"","description":"","alt":"","srcset":false}],"banner_home":[]},"_links":{"self":[{"href":"https:\/\/lgmais.ind.br\/profissionais-da-obra\/wp-json\/wp\/v2\/pages\/1508","targetHints":{"allow":["GET"]}}],"collection":[{"href":"https:\/\/lgmais.ind.br\/profissionais-da-obra\/wp-json\/wp\/v2\/pages"}],"about":[{"href":"https:\/\/lgmais.ind.br\/profissionais-da-obra\/wp-json\/wp\/v2\/types\/page"}],"author":[{"embeddable":true,"href":"https:\/\/lgmais.ind.br\/profissionais-da-obra\/wp-json\/wp\/v2\/users\/1"}],"replies":[{"embeddable":true,"href":"https:\/\/lgmais.ind.br\/profissionais-da-obra\/wp-json\/wp\/v2\/comments?post=1508"}],"version-history":[{"count":3,"href":"https:\/\/lgmais.ind.br\/profissionais-da-obra\/wp-json\/wp\/v2\/pages\/1508\/revisions"}],"predecessor-version":[{"id":1623,"href":"https:\/\/lgmais.ind.br\/profissionais-da-obra\/wp-json\/wp\/v2\/pages\/1508\/revisions\/1623"}],"wp:attachment":[{"href":"https:\/\/lgmais.ind.br\/profissionais-da-obra\/wp-json\/wp\/v2\/media?parent=1508"}],"curies":[{"name":"wp","href":"https:\/\/api.w.org\/{rel}","templated":true}]}}